 + 13 + -5?
7
-2 - (-247 + 263 - (4 + (0 - 1)))
-15
(30 - -1) + -15 + 28 + -12 - -3
35
What is -15 + 19 - (0 - 1) - 8 - -5?
2
Evaluate 4 + -2 - -2 - (-56 - -44).
16
What is 0 + 4 + -172 + 177?
9
What is -3 + -7 + 6 + -5 - 0?
-9
Evaluate (2 - -5) + -13 + (-10 - -13 - 12).
-15
What is the value of -5 + 4 + -10 + (15 - (3 - -4))?
-3
What is 22 + -23 + -20 + 25?
4
Calculate -1 + (-1 + (-4 - 3) - -4).
-5
What is the value of 8 + (8 - (-12 - (10 + -17)))?
21
1 + -11 + (17 - 30) + 22
-1
What is the value of 4 + 11 - (33 - 11)?
-7
-5 + (8 + 10 + -19 - (2 - -3))
-11
Evaluate -45 + 52 + 1 + 5 + -34.
-21
Evaluate -3 - (-25 + 31 + 13).
-22
What is the value of 19 + (8 - 15) - (-16 - -21)?
7
Evaluate (-35 - 0) + 925 + -926.
-36
What is (1 - (6 + -3 + 5)) + 8?
1
Evaluate (0 - 7) + 40 + -34 + -1 + -5.
-7
Calculate -2 + (-6 - (-9 + 2)) + (-1 - 0).
-2
What is the value of 15 + -7 + (7 - 8)?
7
What is 1 + (22 - (-6 + 31))?
-2
What is the value of 0 + -30 - (375 - 396)?
-9
What is (2 - 5 - (-2 - -1)) + (-1 - 1)?
-4
Evaluate 15 - -10 - 4 - (18 - 16).
19
What is the value of (-1459 - -1468) + (0 + 1 - (2 - 2))?
10
What is the value of (0 - (1 + -4 + 3)) + 192 + -207?
-15
2 + (14 - 28) + -2 + -2 + 6
-10
-25 - (-47 + 5) - (-2 + 5)
14
Calculate -4 + (26 - 16) + -3.
3
Calculate 8 + -12 - (14 + -33).
15
What is the value of 78 + -97 - (-3 + 0)?
-16
Calculate -2 - 2 - (21 + -26).
1
Calculate 18 + -10 - (2 + (9 + -5 - 2)).
4
14 + (14 - 22) + (6 - 0)
12
Evaluate -117 + 123 - (16 + 2 + -5) - 15.
-22
Calculate -10 - ((16 - 35) + 1).
8
What is -2 - 3 - -4 - (-11 - -5 - -11)?
-6
What is 1 + (8 - 33 - -30)?
6
Calculate (3 - 8) + (33 - 15) + (0 - -1).
14
Evaluate 15 + -14 + (-8 - (-18 + 5)).
6
What is the value of -13 + 0 + (54 - 54) - -6?
-7
What is the value of -5 + -4 + 27 + (-16 - -11)?
13
Calculate -137 - -137 - (0 + -4).
4
Evaluate 0 + 3 - (64 + -71).
10
(-4 - -13 - 5) + -11 - 3
-10
What is the value of (0 - (19 + -2)) + 6 + 0?
-11
(2 - 1 - (29 + -27)) + (4 - 3)
0
What is 23 - 2 - ((-8 - 2) + 1 + 1)?
29
(-16 - (-8 + -8)) + -8
-8
13 + -7 + -122 + 112
-4
What is -7 + (27 - -1) + -5 + -2?
14
Calculate (-13 - -2) + 8 + (-3 - -1).
-5
What is the value of -9 + 126 + -120 + -7 + 0?
-10
Evaluate (16 - 24) + 12 + (0 + 0 - 5).
-1
Calculate -3 + 6 + -14 + 11 + (-9 - -5).
-4
What is the value of (-3 - -8) + -17 - 2 - -38?
24
What is 4 + -1 - -4 - (-10 + (-2 - 4))?
23
What is the value of -3 + (-5 - -5 - (4 + -1)) + -2?
-8
What is -1 - (2 - 8) - (-9 - (0 + -23))?
-9
What is (-70 - -16) + 116 + -79?
-17
Calculate (-2 - (-2 - 9)) + -149 + 134.
-6
(-7 - -3) + -2 - (-20 - (11 + -13))
12
What is the value of -44 + 49 + -33 - -5?
-23
Evaluate -5 + (-6 - -9) - (5 + -5 + -6).
4
What is the value of 4 + 4 + -9 + 0 + 4?
3
Calculate 9 + (-2 - (-12 + 8)).
11
Calculate (12 - 23) + 18 + -12 + 0.
-5
What is the value of 16 - (-15 + (10 - -1))?
20
Evaluate -11 + 0 + (45 - (38 - 5)).
1
What is (-25 - (12 - 17)) + -9?
-29
-4 - (14 + (0 - 2)) - (-8 - -12)
-20
Evaluate 2 + (-8 - -5) + 5 + -7.
-3
1 + (14 - 34) + (2 - 2) + 7
-12
What is -38 + -6 + 0 + (80 - 71) - -7?
-28
Evaluate -29 + 8 + 12 - (-7 - 1).
-1
Calculate -2 + 3 - 9 - (-11 + -9 + 7).
5
Calculate 8 + -27 + (-6 - -50).
25
Evaluate 6 - (23 + -2) - (-2 - 5).
-8
Calculate 36 - ((-120 - -135) + (1 - 4)).
24
Evaluate (7 - 0) + -11 + 20 + -2.
14
Calculate 1 + 37 + (-571 - -528).
-5
Evaluate 1 + (17 + -20 - (4 - (4 - -6))).
4
-11 + -6 + 13 - (-2 + 6 + -12)
4
What is the value of 3 - 1 - (-9 + (6 - 1 - 1))?
7
Evaluate 5 - 2 - (-2 + -24 + 21).
8
What is the value of 0 + -21 + (368 - 359)?
-12
Calculate 7 + (13 + -8 - 2).
10
What is the value of -7 + (3 - -7) + (-8 - -5) + -2?
-2
What is (-1 - -9) + (-13 - (5 - 11)) + 1?
2
Calculate 8 - ((-9 - 3) + 19).
1
Calculate -239 + 264 + (2 - ((5 - 4) + -1)).
27
-1 - (-8 + -3 - (-1 + (-7 - -1)))
3
What is 11 + 4 - 14 - 0?
1
What is (-17 - -18 - 10) + (2 - -7)?
0
What is the value of -27 - -24 - (-6 - 0) - 3?
0
-27 - (-24 + 0) - -28
25
Calculate -5 - (22 + -20) - -12.
5
What is the value of (-6 - 46 - -67) + -10 + 1?
6
What is (5 - (6 + -1) - -14) + -1 + 9?
22
17 + 3 + 4 + (-23 - -16)
17
Calculate 8 - (-1 - (4 - 10)).
3
(-1 - -5) + 2 - (7 + -2 + 1)
0
Evaluate (-3 - 1) + (56 - 3) + 7 + -19.
37
Evaluate 0 + -13 - 4 - 6 - (-2 + -5).
-16
What is 3 + (-2 - (2 - ((-1 - 1) + 7)))?
4
Evaluate -6 + 0 - ((-8 - -2 - 18) + 2).
16
What is the value of 24 + -12 + -1 + (0 - -1)?
12
Calculate (-16 - -3) + -2 + 14.
-1
What is (-1 - -1) + -6 - (-3 - (-10 + 2))?
-11
What is the value of 5 + 0 + -18 + 503 + -466?
24
What is the value of 15 + 0 + (-36 - 2 - -27)?
4
What is (-13 - -17 - 20) + 12 + 5?
1
-2 + 1 + -1 + (-13 + 7 - -3)
-5
Evaluate 1 - (-4 + 28 + 0).
-23
Evaluate 7 + -18 + 6 + -4 + -5.
-14
Calculate (-33 - -61) + 4 + -5 + -4.
23
Calculate -39 + 32 + (1 - -2) + -9.
-13
Calculate -8 + -2 + 14 - (-1 - -7).
-2
-17 + (43 - 22) + 5
9
Calculate (-6 + 1 - 1) + 11 + -5 + 0.
0
(-6 - 1) + (-10 - -16 - 9)
-10
What is the value of -17 + -1 + (37 - 46) + 1?
-26
What is the value of (50 - 35) + 9 + (-8 - -9)?
25
6 + 5 + -12 + -4 - -7
2
What is the value of -8 - (-5 - (-4 + (-5 - -6))) - -2?
-4
What is 37 - 0 - (164 + -138)?
11
What is -7 - (-1 - (1 + -6 - -16 - 30))?
-25
What is the value of 9 - (16 - (-2 + -4))?
-13
What is the value of 9 - (9 + 11) - (16 + -15)?
-12
-9 - -17 - (83 - 49)
-26
Calculate -211 + 203 + 0 + 14.
6
What is the value of -4 - (0 - 9 - (23 + -40 + 17))?
5
What is -10 + -2 - 0 - (-8 - -25 - 19)?
-10
Calculate 5 - (0 - -4) - (6 + (13 - 29)).
11
What is the value of -17 + 10 - (-50 + 21)?
22
What is the value of 2 + (2 + 1 - -15) - -4?
24
Calculate (-14 - (-12 - (3 - 9))) + 10 + -14.
-12
What is (-5 + 11 - 6) + (-25 - -8) + 5?
-12
What is the value of (-4 - (13 + 12 + -42)) + 3?
16
What is (9 - -3 - 14) + 0?
-2
What is 31 + 26 + -68 - 8?
-19
Calculate (-40 - (-37 - 3)) + 1 + 11.
12
What is -14 + (7 - (-3 - -3 - 2 - -5))?
-10
Evaluate (9 - (-7 - -8 - -8)) + 0 - -3.
3
-7 + (-3 - (6 + -1 - 3)) + 3
-9
What is the value of (16 - 33) + 12 + -22?
-27
Calculate -2 + 11 + 14 + -2 + -61 + 50.
10
(17 - (-4 - -6)) + -7 + -16
-8
Evaluate 31 + -13 + -20 + 2.
0
What is the value of (0 - 18) + (-17 - 0 - -3)?
-32
What is the value of 2 - (26 + -4 + -5) - -5?
-10
What is the value of (-11 - -2) + (113 - 125)?
-21
What is the value of (-7 - -1) + 15 + (-3 + 3 - -4)?
13
16 + 2 - (16 - 23 - (11 - 20))
16
What is -14 + 14 - (-2 - -14)?
-12
What is the value of -2 + -9 + (-19 - -19)?
-11
Calculate (9 + -4 + -4 - (-2 - -5)) + -10.
-12
Calculate -6 - (-1 + 0) - (85 - 71) - 2.
-21
(-141 - -148) + 29 + -10
26
Calculate 3 + -6 + -2 + 26.
21
Evaluate -5 - ((-10 - -2) + -6).
9
What is the value of (7 - (5 - 0)) + (-3 - (-1 - -4))?
-4
What is -1 + 0 + -1 + (102 - 47 - 63)?
-10
Calculate 18 + -1 - (-495 + 522).
-10
(0 - -10) + (-7 - 38)
-35
Evaluate -3 - (-1 - (5 - 5) - (-15 - -1)).
-16
13 - (2 + 15) - (-2 - (-10 - -3))
-9
What is (13 - (-3 - -8)) + -14 - -1?
-5
What is the value of -3 - 8 - -37 - (-4 + 4 + 7)?
19
21 - 2 - (-289 + 300)
8
Evaluate 4 + (-12 - 9) + 19.
2
What is (26 - 20) + -19 - (-1 + (1 - 1))?
-12
Calculate (-97 - -134) + (-9 - (-3 + 3)).
28
What is the value of -9 + 0 + 6 + 2 + -5?
-6
Evaluate (20 - 19) + (2 + -6 - -2) + 9.
8
Calculate -17 - (-12 - (-3 + -1)) - (-1 - 2).
-6
Calculate 33 + -1 + -36 + (-6 - 0) - 8.
-18
What is the value of (1 - (9 - -2)) + -149 + 157?
-2
(66 - 56) + (-14 - -8)
4
Calculate -121 + 96 + -1 + 22.
-4
What is (0 - 4) + (-13 - -1 - (13 + -20))?
-9
Evaluate -7 - (7 + 1 - (43 - 33) - -7).
-12
(2 - -5) + (-29 - -34 - (2 + 1))
9
What is (-6 + 2 - (5 + 11)) + 7?
-13
Evaluate 0 + 1 - -2 - (-6332 - -6317).
18
What is -8 + 16 + 7 + (4 - 9)?
10
Calculate -16 - (11 + (3 - 1) - 14).
-15
What is the value of -23 - (9 - -8) - -30?
-10
-1 - 9 - -5 - (2 - (7 + -24))
-24
What is the value of -15 + (21 - 20) + 19?
5
Evaluate -24 - (-11 + (7 - 25 - -12)).
-7
Evaluate 7 - (10 - 16) - 1.
12
What is 9 + -3 - (-57 - -36)?
27
What is -2 + (9 - 17) - 10 - (4 - 2)?
-22
0 - (-9 + (12 + -1 - 1))
-1
Calculate 1 - -7 - (-69 + 79) - -1 - 27.
-28
What is the value of -9 + (2 - ((7 - 5) + -9))?
0
Calculate -5 + -1 - (1 + -3) - (10 + -4).
-10
Calculate 12 + (2 - (-1 - -20)).
-5
What is the value of (1 - -39 - 29) + (18 - -1)?
30
Calculate